{"id":791,"date":"2025-08-27T09:34:46","date_gmt":"2025-08-27T09:34:46","guid":{"rendered":"https:\/\/www.corbetta-enea-shop.com\/b2b\/prodotto\/motozappa-mini-f-220-honda\/"},"modified":"2025-12-18T11:49:45","modified_gmt":"2025-12-18T11:49:45","slug":"motozappa-mini-f-220-honda","status":"publish","type":"product","link":"https:\/\/www.corbetta-enea-shop.com\/b2b\/prodotto\/motozappa-mini-f-220-honda\/","title":{"rendered":"MOTOZAPPA MINI F 220 HONDA"},"content":{"rendered":"<p>Funzione; Larghezza di lavoro massima (mm) 545, Profondit\u00e0 di lavoro massima (mm) 280, Velocit\u00e0 di marcia avanti 1, Velocit\u00e0 di rotazione in avanti (giri\/min.) 130 giri\/min. Dimensioni; Dimensioni (L x P x A) (mm) 1,280 x 615 x 1,035, Peso a secco (kg) 30. Motore; Motore OHC 4 tempi, Modello motore GXV57, Cilindrata del motore (cc) 57.3, Potenza netta del motore (kW\/ giri\/min.) 1.5\/4,800, Capacit\u00e0 del serbatoio carburante (litri) 0.67, Capacit\u00e0 olio motore (litri) 0.3, Avviamento; Avviamento a strappo, Frizione di trasmissione Automatica \u2013 Centrifuga, Trasmissione Ingranaggio epicicloidale, Trasmissione finale Pignone e ingranaggio conico, Pressione sonora all&#8217;orecchio dell&#8217;operatore (dB(A)+) 75, Livello di potenza sonora garantito (dB(A)++) 92, Vibrazioni (m\/sec\u00b2) 6.4.<\/p>\n","protected":false},"excerpt":{"rendered":"<p>Funzione; Larghezza di lavoro massima (mm) 545, Profondit\u00e0 di lavoro massima (mm) 280, Velocit\u00e0 di marcia avanti 1.<\/p>\n","protected":false},"featured_media":2071,"template":"","meta":[],"product_brand":[],"product_cat":[16,39,99],"product_tag":[207,154,175],"class_list":{"0":"post-791","1":"product","2":"type-product","3":"status-publish","4":"has-post-thumbnail","6":"product_cat-16","7":"product_cat-39","8":"product_cat-99","9":"product_tag-honda","10":"product_tag-motore-a-scoppio","11":"product_tag-motozappa","13":"first","14":"instock","15":"shipping-taxable","16":"purchasable","17":"product-type-simple"},"_links":{"self":[{"href":"https:\/\/www.corbetta-enea-shop.com\/b2b\/wp-json\/wp\/v2\/product\/791","targetHints":{"allow":["GET"]}}],"collection":[{"href":"https:\/\/www.corbetta-enea-shop.com\/b2b\/wp-json\/wp\/v2\/product"}],"about":[{"href":"https:\/\/www.corbetta-enea-shop.com\/b2b\/wp-json\/wp\/v2\/types\/product"}],"wp:featuredmedia":[{"embeddable":true,"href":"https:\/\/www.corbetta-enea-shop.com\/b2b\/wp-json\/wp\/v2\/media\/2071"}],"wp:attachment":[{"href":"https:\/\/www.corbetta-enea-shop.com\/b2b\/wp-json\/wp\/v2\/media?parent=791"}],"wp:term":[{"taxonomy":"product_brand","embeddable":true,"href":"https:\/\/www.corbetta-enea-shop.com\/b2b\/wp-json\/wp\/v2\/product_brand?post=791"},{"taxonomy":"product_cat","embeddable":true,"href":"https:\/\/www.corbetta-enea-shop.com\/b2b\/wp-json\/wp\/v2\/product_cat?post=791"},{"taxonomy":"product_tag","embeddable":true,"href":"https:\/\/www.corbetta-enea-shop.com\/b2b\/wp-json\/wp\/v2\/product_tag?post=791"}],"curies":[{"name":"wp","href":"https:\/\/api.w.org\/{rel}","templated":true}]}}