{"id":805,"date":"2025-08-27T09:36:49","date_gmt":"2025-08-27T09:36:49","guid":{"rendered":"https:\/\/www.corbetta-enea-shop.com\/b2b\/prodotto\/motozappa-a-scoppio-fj-500-de-honda\/"},"modified":"2025-12-18T11:51:31","modified_gmt":"2025-12-18T11:51:31","slug":"motozappa-a-scoppio-fj-500-de-honda","status":"publish","type":"product","link":"https:\/\/www.corbetta-enea-shop.com\/b2b\/prodotto\/motozappa-a-scoppio-fj-500-de-honda\/","title":{"rendered":"MOTOZAPPA A SCOPPIO FJ 500 DE HONDA"},"content":{"rendered":"<p>Larghezza di lavoro massima: 800 mm, Profondit\u00e0 di lavoro massima: 325 mm, Velocit\u00e0 di marcia avanti: 2, Velocit\u00e0 di retromarcia: 1, Velocit\u00e0 di rotazione in avanti: 80 &#8211; 113 giri\/min., Velocit\u00e0 di rotazione all&#8217;indietro: 28 giri\/min., Motore: HONDA GX160, OHC 4 tempi, Carburante: Benzina, Cilindrata del motore: 163 cc., Potenza netta del motore: 3.6 kW \/3600 giri\/min., Coppia netta del motore: 10.3 Nm \/ 2500 giri\/min., Capacit\u00e0 del serbatoio carburante: 2.4 Lt., Capacit\u00e0 olio motore: 0.58 Lt., Avviamento: Avviamento a strappo, Pressione sonora all&#8217;orecchio dell&#8217;operatore: 81 dB(A), Livello di potenza sonora garantito: 96 dB(A), Vibrazioni: 5.6 metri \/ secondo al quadrato, Larghezza: 1395 mm, Profondit\u00e0: 610 mm, Altezza: 980 mm, Peso a secco: 62 Kg.<\/p>\n","protected":false},"excerpt":{"rendered":"<p>Larghezza di lavoro massima: 800 mm, Profondit\u00e0 di lavoro massima: 325 mm, Velocit\u00e0 di marcia avanti: 2, Velocit\u00e0 di retromarcia: 1.<\/p>\n","protected":false},"featured_media":2078,"template":"","meta":[],"product_brand":[],"product_cat":[16,39,99],"product_tag":[207,154,175],"class_list":{"0":"post-805","1":"product","2":"type-product","3":"status-publish","4":"has-post-thumbnail","6":"product_cat-16","7":"product_cat-39","8":"product_cat-99","9":"product_tag-honda","10":"product_tag-motore-a-scoppio","11":"product_tag-motozappa","13":"first","14":"instock","15":"shipping-taxable","16":"purchasable","17":"product-type-simple"},"_links":{"self":[{"href":"https:\/\/www.corbetta-enea-shop.com\/b2b\/wp-json\/wp\/v2\/product\/805","targetHints":{"allow":["GET"]}}],"collection":[{"href":"https:\/\/www.corbetta-enea-shop.com\/b2b\/wp-json\/wp\/v2\/product"}],"about":[{"href":"https:\/\/www.corbetta-enea-shop.com\/b2b\/wp-json\/wp\/v2\/types\/product"}],"wp:featuredmedia":[{"embeddable":true,"href":"https:\/\/www.corbetta-enea-shop.com\/b2b\/wp-json\/wp\/v2\/media\/2078"}],"wp:attachment":[{"href":"https:\/\/www.corbetta-enea-shop.com\/b2b\/wp-json\/wp\/v2\/media?parent=805"}],"wp:term":[{"taxonomy":"product_brand","embeddable":true,"href":"https:\/\/www.corbetta-enea-shop.com\/b2b\/wp-json\/wp\/v2\/product_brand?post=805"},{"taxonomy":"product_cat","embeddable":true,"href":"https:\/\/www.corbetta-enea-shop.com\/b2b\/wp-json\/wp\/v2\/product_cat?post=805"},{"taxonomy":"product_tag","embeddable":true,"href":"https:\/\/www.corbetta-enea-shop.com\/b2b\/wp-json\/wp\/v2\/product_tag?post=805"}],"curies":[{"name":"wp","href":"https:\/\/api.w.org\/{rel}","templated":true}]}}