{"id":817,"date":"2025-08-27T09:38:48","date_gmt":"2025-08-27T09:38:48","guid":{"rendered":"https:\/\/www.corbetta-enea-shop.com\/b2b\/prodotto\/soffiatore-hhb-25-e-honda\/"},"modified":"2025-12-18T11:53:09","modified_gmt":"2025-12-18T11:53:09","slug":"soffiatore-hhb-25-e-honda","status":"publish","type":"product","link":"https:\/\/www.corbetta-enea-shop.com\/b2b\/prodotto\/soffiatore-hhb-25-e-honda\/","title":{"rendered":"SOFFIATORE HHB 25 E HONDA"},"content":{"rendered":"<p>Dimensioni; Lunghezza (mm) 335, Larghezza (mm) 265, Altezza (mm) 370, Peso a secco (kg) 4.5, Motore; Motore OHC 4 tempi, Cilindrata del motore (cc) 25, Modello motore GX25T, Potenza netta del motore (kW\/ giri\/min.) 0.72\/7,000, Capacit\u00e0 del serbatoio carburante (L) 0.58, Capacit\u00e0 olio del motore (L) 0.08, Livello di rumorosit\u00e0 &#8211; Livello di potenza sonora (dB(A)) 102, Prestazioni; Flusso dell&#8217;aria (m\u00b3\/h) 600, Velocit\u00e0 massima del flusso aria (m\/sec) 70, Altre caratteristiche Flusso dell&#8217;aria regolabile.<\/p>\n","protected":false},"excerpt":{"rendered":"<p>Dimensioni; Lunghezza (mm) 335, Larghezza (mm) 265, Altezza (mm) 370, Peso a secco (kg) 4.5, Motore; Motore OHC 4 tempi.<\/p>\n","protected":false},"featured_media":2084,"template":"","meta":[],"product_brand":[],"product_cat":[16,43,111],"product_tag":[207,154,167],"class_list":{"0":"post-817","1":"product","2":"type-product","3":"status-publish","4":"has-post-thumbnail","6":"product_cat-16","7":"product_cat-43","8":"product_cat-111","9":"product_tag-honda","10":"product_tag-motore-a-scoppio","11":"product_tag-soffiatore","13":"first","14":"instock","15":"shipping-taxable","16":"purchasable","17":"product-type-simple"},"_links":{"self":[{"href":"https:\/\/www.corbetta-enea-shop.com\/b2b\/wp-json\/wp\/v2\/product\/817","targetHints":{"allow":["GET"]}}],"collection":[{"href":"https:\/\/www.corbetta-enea-shop.com\/b2b\/wp-json\/wp\/v2\/product"}],"about":[{"href":"https:\/\/www.corbetta-enea-shop.com\/b2b\/wp-json\/wp\/v2\/types\/product"}],"wp:featuredmedia":[{"embeddable":true,"href":"https:\/\/www.corbetta-enea-shop.com\/b2b\/wp-json\/wp\/v2\/media\/2084"}],"wp:attachment":[{"href":"https:\/\/www.corbetta-enea-shop.com\/b2b\/wp-json\/wp\/v2\/media?parent=817"}],"wp:term":[{"taxonomy":"product_brand","embeddable":true,"href":"https:\/\/www.corbetta-enea-shop.com\/b2b\/wp-json\/wp\/v2\/product_brand?post=817"},{"taxonomy":"product_cat","embeddable":true,"href":"https:\/\/www.corbetta-enea-shop.com\/b2b\/wp-json\/wp\/v2\/product_cat?post=817"},{"taxonomy":"product_tag","embeddable":true,"href":"https:\/\/www.corbetta-enea-shop.com\/b2b\/wp-json\/wp\/v2\/product_tag?post=817"}],"curies":[{"name":"wp","href":"https:\/\/api.w.org\/{rel}","templated":true}]}}