{"id":893,"date":"2025-08-27T09:51:12","date_gmt":"2025-08-27T09:51:12","guid":{"rendered":"https:\/\/www.corbetta-enea-shop.com\/b2b\/prodotto\/decespugliatore-honda-a-zaino-umr-450-t-honda\/"},"modified":"2025-12-18T12:02:05","modified_gmt":"2025-12-18T12:02:05","slug":"decespugliatore-honda-a-zaino-umr-450-t-honda","status":"publish","type":"product","link":"https:\/\/www.corbetta-enea-shop.com\/b2b\/prodotto\/decespugliatore-honda-a-zaino-umr-450-t-honda\/","title":{"rendered":"DECESPUGLIATORE HONDA A ZAINO UMR 450 T HONDA"},"content":{"rendered":"<p>Funzione; Tipo di albero Flessibile, Impugnatura Anello, Accessori decespugliatore Testina di nylon batti e vai e lama a 3 punte, Imbracatura Confortevole, a spalle, Dimensioni; Dimensioni (lung. x Larg. x alt.) (mm) 2,810 x 365 x 600, Peso a secco (kg) 10.7, Motore; Motore OHC 4 tempi, Cilindrata del motore (cc) 48, Modello motore GX50T, Potenza netta del motore (kW\/ giri\/min.) 1.0\/7,000, Capacit\u00e0 del serbatoio carburante (litri) 0.63, Capacit\u00e0 olio del motore (litri) 0.1, Tipo di trasmissione Frizione centrifuga, Livello di rumorosit\u00e0 &#8211; Livello di potenza sonora (dB(A)) 109.<\/p>\n","protected":false},"excerpt":{"rendered":"<p>Funzione; Tipo di albero Flessibile, Impugnatura Anello, Accessori decespugliatore Testina di nylon batti e vai e lama a 3 punte.<\/p>\n","protected":false},"featured_media":2121,"template":"","meta":[],"product_brand":[],"product_cat":[31,75,16],"product_tag":[162,207,154,205],"class_list":{"0":"post-893","1":"product","2":"type-product","3":"status-publish","4":"has-post-thumbnail","6":"product_cat-31","7":"product_cat-75","8":"product_cat-16","9":"product_tag-decespugliatore","10":"product_tag-honda","11":"product_tag-motore-a-scoppio","12":"product_tag-zaino","14":"first","15":"instock","16":"shipping-taxable","17":"purchasable","18":"product-type-simple"},"_links":{"self":[{"href":"https:\/\/www.corbetta-enea-shop.com\/b2b\/wp-json\/wp\/v2\/product\/893","targetHints":{"allow":["GET"]}}],"collection":[{"href":"https:\/\/www.corbetta-enea-shop.com\/b2b\/wp-json\/wp\/v2\/product"}],"about":[{"href":"https:\/\/www.corbetta-enea-shop.com\/b2b\/wp-json\/wp\/v2\/types\/product"}],"wp:featuredmedia":[{"embeddable":true,"href":"https:\/\/www.corbetta-enea-shop.com\/b2b\/wp-json\/wp\/v2\/media\/2121"}],"wp:attachment":[{"href":"https:\/\/www.corbetta-enea-shop.com\/b2b\/wp-json\/wp\/v2\/media?parent=893"}],"wp:term":[{"taxonomy":"product_brand","embeddable":true,"href":"https:\/\/www.corbetta-enea-shop.com\/b2b\/wp-json\/wp\/v2\/product_brand?post=893"},{"taxonomy":"product_cat","embeddable":true,"href":"https:\/\/www.corbetta-enea-shop.com\/b2b\/wp-json\/wp\/v2\/product_cat?post=893"},{"taxonomy":"product_tag","embeddable":true,"href":"https:\/\/www.corbetta-enea-shop.com\/b2b\/wp-json\/wp\/v2\/product_tag?post=893"}],"curies":[{"name":"wp","href":"https:\/\/api.w.org\/{rel}","templated":true}]}}